{"id":18760,"date":"2024-11-18T14:43:26","date_gmt":"2024-11-18T13:43:26","guid":{"rendered":"https:\/\/placeplume.com\/?page_id=18760"},"modified":"2025-02-05T16:07:12","modified_gmt":"2025-02-05T15:07:12","slug":"menus-du-mois","status":"publish","type":"page","link":"https:\/\/placeplume.com\/index.php\/menus-du-mois\/","title":{"rendered":"Menus du mois"},"content":{"rendered":"\n<figure class=\"wp-block-image size-large\"><img loading=\"lazy\" decoding=\"async\" width=\"1024\" height=\"576\" src=\"https:\/\/placeplume.com\/wp-content\/uploads\/2024\/11\/menus_du_mois-1024x576.jpg\" alt=\"Id\u00e9es de menus - planning - calendrier - plat - menus du mois\" class=\"wp-image-18762\" srcset=\"https:\/\/placeplume.com\/wp-content\/uploads\/2024\/11\/menus_du_mois-1024x576.jpg 1024w, https:\/\/placeplume.com\/wp-content\/uploads\/2024\/11\/menus_du_mois-300x169.jpg 300w, https:\/\/placeplume.com\/wp-content\/uploads\/2024\/11\/menus_du_mois-768x432.jpg 768w, https:\/\/placeplume.com\/wp-content\/uploads\/2024\/11\/menus_du_mois-1536x864.jpg 1536w, https:\/\/placeplume.com\/wp-content\/uploads\/2024\/11\/menus_du_mois-2048x1152.jpg 2048w\" sizes=\"auto, (max-width: 1024px) 100vw, 1024px\" \/><\/figure>\n\n\n\n<p><\/p>\n\n\n\n<p>Parce qu\u2019il n\u2019est pas toujours facile de jongler entre les courses, le manque d\u2019id\u00e9es et le temps qui file, j\u2019ai d\u00e9cid\u00e9 de partager avec vous<strong> mon calendrier de menus mensuel.<\/strong> Que vous cherchiez de l\u2019inspiration ou que vous soyez simplement curieux de d\u00e9couvrir notre organisation, je vous propose <strong>des id\u00e9es de plats de saison<\/strong> que vous pourrez adapter \u00e0 votre quotidien bien rempli.<\/p>\n\n\n\n<p><strong>Planifier vos repas sur un mois <\/strong>peut sembler une t\u00e2che fastidieuse, mais <strong>le temps gagn\u00e9 au quotidien<\/strong> en vaut vraiment la peine. Pour moi, il est lib\u00e9rateur ! Fini l\u2019\u00e9ternelle question <strong>&#8220;Qu\u2019est-ce qu\u2019on mange ce midi ou ce soir ?&#8221;<\/strong>. Ce calendrier est une solution plut\u00f4t simple pour<strong> all\u00e9ger notre charge mentale<\/strong>. Il permet aussi de <strong>r\u00e9duire le gaspillage<\/strong>, <strong>d\u2019\u00e9conomiser sur le budget alimentaire<\/strong>, et s\u2019adapte parfaitement aux impr\u00e9vus. M\u00eame si vous sautez un repas ou ajustez les plats en cours de route, ce planning est comme <strong>un fil rouge<\/strong> qui vous accompagne du 1\u1d49\u02b3 au 30 du mois.<\/p>\n\n\n\n<p>\ud83d\udc49 \u00c0 la maison, <a href=\"https:\/\/amzn.to\/4atWXcr\">j&#8217;utilise ce calendrier magn\u00e9tique<\/a> sur le frigo pour organiser nos repas !<\/p>\n\n\n\n<hr class=\"wp-block-separator has-alpha-channel-opacity\"\/>\n\n\n\n<p><\/p>\n\n\n\n<div class=\"wp-block-columns is-layout-flex wp-container-core-columns-is-layout-9d6595d7 wp-block-columns-is-layout-flex\">\n<div class=\"wp-block-column is-layout-flow wp-block-column-is-layout-flow\">\n<figure class=\"wp-block-image size-large is-resized\"><a href=\"https:\/\/placeplume.com\/index.php\/2024\/11\/01\/menus-du-mois-novembre-et-ses-plats-dautomne\/\"><img loading=\"lazy\" decoding=\"async\" width=\"1024\" height=\"576\" src=\"https:\/\/placeplume.com\/wp-content\/uploads\/2024\/10\/menus_du_mois_novembre-1024x576.jpg\" alt=\"id\u00e9es de menus - novembre - couge - champignon - automne - quiche -fromage\" class=\"wp-image-18641\" style=\"width:273px;height:auto\" srcset=\"https:\/\/placeplume.com\/wp-content\/uploads\/2024\/10\/menus_du_mois_novembre-1024x576.jpg 1024w, https:\/\/placeplume.com\/wp-content\/uploads\/2024\/10\/menus_du_mois_novembre-300x169.jpg 300w, https:\/\/placeplume.com\/wp-content\/uploads\/2024\/10\/menus_du_mois_novembre-768x432.jpg 768w, https:\/\/placeplume.com\/wp-content\/uploads\/2024\/10\/menus_du_mois_novembre-1536x864.jpg 1536w, https:\/\/placeplume.com\/wp-content\/uploads\/2024\/10\/menus_du_mois_novembre-2048x1152.jpg 2048w\" sizes=\"auto, (max-width: 1024px) 100vw, 1024px\" \/><\/a><\/figure>\n\n\n\n<p><\/p>\n\n\n\n<p class=\"has-text-align-center\"><a href=\"https:\/\/placeplume.com\/index.php\/2024\/11\/01\/menus-du-mois-novembre-et-ses-plats-dautomne\/\">Menus du mois : novembre et ses plats d\u2019automne<\/a><\/p>\n<\/div>\n\n\n\n<div class=\"wp-block-column is-layout-flow wp-block-column-is-layout-flow\">\n<figure class=\"wp-block-image size-large\"><a href=\"https:\/\/placeplume.com\/index.php\/2024\/12\/01\/menus-du-mois-decembre-et-ses-plats-de-fetes\/\"><img loading=\"lazy\" decoding=\"async\" width=\"1024\" height=\"576\" src=\"https:\/\/placeplume.com\/wp-content\/uploads\/2025\/01\/menus_de_decembre-1-1024x576.jpg\" alt=\"\" class=\"wp-image-19092\" srcset=\"https:\/\/placeplume.com\/wp-content\/uploads\/2025\/01\/menus_de_decembre-1-1024x576.jpg 1024w, https:\/\/placeplume.com\/wp-content\/uploads\/2025\/01\/menus_de_decembre-1-300x169.jpg 300w, https:\/\/placeplume.com\/wp-content\/uploads\/2025\/01\/menus_de_decembre-1-768x432.jpg 768w, https:\/\/placeplume.com\/wp-content\/uploads\/2025\/01\/menus_de_decembre-1-1536x864.jpg 1536w, https:\/\/placeplume.com\/wp-content\/uploads\/2025\/01\/menus_de_decembre-1-2048x1152.jpg 2048w\" sizes=\"auto, (max-width: 1024px) 100vw, 1024px\" \/><\/a><\/figure>\n\n\n\n<p><\/p>\n\n\n\n<p class=\"has-text-align-center\"><a href=\"https:\/\/placeplume.com\/index.php\/2024\/12\/01\/menus-du-mois-decembre-et-ses-plats-de-fetes\/\">Menus du mois : d\u00e9cembre et ses plats de f\u00eates<\/a><\/p>\n<\/div>\n\n\n\n<div class=\"wp-block-column is-layout-flow wp-block-column-is-layout-flow\">\n<figure class=\"wp-block-image size-large\"><a href=\"https:\/\/placeplume.com\/index.php\/2025\/01\/01\/menus-du-mois-janvier-et-ses-plats-de-bonnes-resolutions\/\"><img loading=\"lazy\" decoding=\"async\" width=\"1024\" height=\"576\" src=\"https:\/\/placeplume.com\/wp-content\/uploads\/2025\/01\/2-1024x576.jpg\" alt=\"\" class=\"wp-image-19219\" srcset=\"https:\/\/placeplume.com\/wp-content\/uploads\/2025\/01\/2-1024x576.jpg 1024w, https:\/\/placeplume.com\/wp-content\/uploads\/2025\/01\/2-300x169.jpg 300w, https:\/\/placeplume.com\/wp-content\/uploads\/2025\/01\/2-768x432.jpg 768w, https:\/\/placeplume.com\/wp-content\/uploads\/2025\/01\/2-1536x864.jpg 1536w, https:\/\/placeplume.com\/wp-content\/uploads\/2025\/01\/2-2048x1152.jpg 2048w\" sizes=\"auto, (max-width: 1024px) 100vw, 1024px\" \/><\/a><\/figure>\n\n\n\n<p><\/p>\n\n\n\n<p class=\"has-text-align-center\"><a href=\"https:\/\/placeplume.com\/index.php\/2025\/01\/01\/menus-du-mois-janvier-et-ses-plats-de-bonnes-resolutions\/\">Menus du mois : janvier et ses plats de bonnes r\u00e9solutions ?<\/a><\/p>\n<\/div>\n<\/div>\n\n\n\n<p><\/p>\n\n\n\n<div class=\"wp-block-columns is-layout-flex wp-container-core-columns-is-layout-9d6595d7 wp-block-columns-is-layout-flex\">\n<div class=\"wp-block-column is-layout-flow wp-block-column-is-layout-flow\">\n<figure class=\"wp-block-image size-large\"><img loading=\"lazy\" decoding=\"async\" width=\"1024\" height=\"576\" src=\"https:\/\/placeplume.com\/wp-content\/uploads\/2025\/02\/fevrier-1-1024x576.jpg\" alt=\"\" class=\"wp-image-19623\" srcset=\"https:\/\/placeplume.com\/wp-content\/uploads\/2025\/02\/fevrier-1-1024x576.jpg 1024w, https:\/\/placeplume.com\/wp-content\/uploads\/2025\/02\/fevrier-1-300x169.jpg 300w, https:\/\/placeplume.com\/wp-content\/uploads\/2025\/02\/fevrier-1-768x432.jpg 768w, https:\/\/placeplume.com\/wp-content\/uploads\/2025\/02\/fevrier-1-1536x864.jpg 1536w, https:\/\/placeplume.com\/wp-content\/uploads\/2025\/02\/fevrier-1-2048x1152.jpg 2048w\" sizes=\"auto, (max-width: 1024px) 100vw, 1024px\" \/><\/figure>\n\n\n\n<p><\/p>\n\n\n\n<p class=\"has-text-align-center\"><a href=\"https:\/\/placeplume.com\/index.php\/2025\/02\/03\/menus-du-mois-de-fevrier-des-plats-joyeux-pour-traverser-lhiver\/\">Menus du mois de f\u00e9vrier : des plats joyeux pour traverser l\u2019hiver<\/a><\/p>\n<\/div>\n\n\n\n<div class=\"wp-block-column is-layout-flow wp-block-column-is-layout-flow\"><\/div>\n\n\n\n<div class=\"wp-block-column is-layout-flow wp-block-column-is-layout-flow\"><\/div>\n<\/div>\n\n\n\n<hr class=\"wp-block-separator has-alpha-channel-opacity\"\/>\n\n\n\n<p class=\"has-black-color has-text-color has-link-color wp-elements-41be2facd1b5d20fc2c180b3009c7a76\">Je pr\u00e9cise que <strong>ces recettes sont celles que nous mangeons r\u00e9ellement \u00e0 la maison.<\/strong> Elles sont donc faciles \u00e0 r\u00e9aliser et, dans la mesure du possible, <strong>accessibles pour \u00eatre pratiques au quotidien.<\/strong><\/p>\n\n\n\n<p><strong>Je ne suis pas di\u00e9t\u00e9ticienne<\/strong>, mais je m\u2019efforce de varier les plaisirs en fonction de nos go\u00fbts \u00e0 la maison et des fruits et l\u00e9gumes disponibles. Chaque d\u00e9but de mois, je consacre <strong>environ deux heures \u00e0 \u00e9laborer ce calendrier <\/strong>: entre exploration de mes blogs culinaires pr\u00e9f\u00e9r\u00e9s, des menus de la cantine de l\u2019\u00e9cole et de mes propres archives. Je vous propose ici de <strong>simplifier vos courses<\/strong> et de <strong>gagner un temps pr\u00e9cieux gr\u00e2ce \u00e0 mes suggestions.<\/strong> \u00c0 table !!!<\/p>\n\n\n\n<p><\/p>\n\n\n\n<hr class=\"wp-block-separator has-alpha-channel-opacity\"\/>\n\n\n\n<p style=\"font-size:11px\">(*) Certains liens de cet article sont des liens sponsoris\u00e9s. Cela signifie que je peux recevoir une commission si vous effectuez un achat via ces liens, sans frais suppl\u00e9mentaires pour vous. Merci de votre soutien ! <\/p>\n\n\n\n<p><\/p>\n","protected":false},"excerpt":{"rendered":"<p>Parce qu\u2019il n\u2019est pas toujours facile de jongler entre les courses, le manque d\u2019id\u00e9es et le temps qui file, j\u2019ai d\u00e9cid\u00e9 de partager avec vous mon calendrier de menus mensuel. Que vous cherchiez de l\u2019inspiration ou que vous soyez simplement curieux de d\u00e9couvrir notre organisation, je vous propose des id\u00e9es de plats de saison que [&hellip;]<\/p>\n","protected":false},"author":2,"featured_media":18762,"parent":0,"menu_order":0,"comment_status":"closed","ping_status":"closed","template":"","meta":{"footnotes":""},"class_list":["post-18760","page","type-page","status-publish","has-post-thumbnail","hentry"],"yoast_head":"<!-- This site is optimized with the Yoast SEO plugin v26.9 - https:\/\/yoast.com\/product\/yoast-seo-wordpress\/ -->\n<title>Menus du mois - Place plume<\/title>\n<meta name=\"description\" content=\"Parce qu\u2019il n\u2019est pas toujours facile de jongler entre les courses, la vie quotidienne, le manque d\u2019id\u00e9es de repas et le temps qui file, j\u2019ai d\u00e9cid\u00e9 de partager avec vous notre calendrier de menus.\" \/>\n<meta name=\"robots\" content=\"index, follow, max-snippet:-1, max-image-preview:large, max-video-preview:-1\" \/>\n<link rel=\"canonical\" href=\"https:\/\/placeplume.com\/index.php\/menus-du-mois\/\" \/>\n<meta property=\"og:locale\" content=\"fr_FR\" \/>\n<meta property=\"og:type\" content=\"article\" \/>\n<meta property=\"og:title\" content=\"Menus du mois - Place plume\" \/>\n<meta property=\"og:description\" content=\"Parce qu\u2019il n\u2019est pas toujours facile de jongler entre les courses, la vie quotidienne, le manque d\u2019id\u00e9es de repas et le temps qui file, j\u2019ai d\u00e9cid\u00e9 de partager avec vous notre calendrier de menus.\" \/>\n<meta property=\"og:url\" content=\"https:\/\/placeplume.com\/index.php\/menus-du-mois\/\" \/>\n<meta property=\"og:site_name\" content=\"Place plume\" \/>\n<meta property=\"article:publisher\" content=\"https:\/\/www.facebook.com\/placeplume21\" \/>\n<meta property=\"article:modified_time\" content=\"2025-02-05T15:07:12+00:00\" \/>\n<meta property=\"og:image\" content=\"https:\/\/placeplume.com\/wp-content\/uploads\/2024\/11\/menus_du_mois.jpg\" \/>\n\t<meta property=\"og:image:width\" content=\"2240\" \/>\n\t<meta property=\"og:image:height\" content=\"1260\" \/>\n\t<meta property=\"og:image:type\" content=\"image\/jpeg\" \/>\n<meta name=\"twitter:card\" content=\"summary_large_image\" \/>\n<meta name=\"twitter:site\" content=\"@place_plume\" \/>\n<meta name=\"twitter:label1\" content=\"Dur\u00e9e de lecture estim\u00e9e\" \/>\n\t<meta name=\"twitter:data1\" content=\"4 minutes\" \/>\n<script type=\"application\/ld+json\" class=\"yoast-schema-graph\">{\"@context\":\"https:\/\/schema.org\",\"@graph\":[{\"@type\":\"WebPage\",\"@id\":\"https:\/\/placeplume.com\/index.php\/menus-du-mois\/\",\"url\":\"https:\/\/placeplume.com\/index.php\/menus-du-mois\/\",\"name\":\"Menus du mois - Place plume\",\"isPartOf\":{\"@id\":\"https:\/\/placeplume.com\/#website\"},\"primaryImageOfPage\":{\"@id\":\"https:\/\/placeplume.com\/index.php\/menus-du-mois\/#primaryimage\"},\"image\":{\"@id\":\"https:\/\/placeplume.com\/index.php\/menus-du-mois\/#primaryimage\"},\"thumbnailUrl\":\"https:\/\/placeplume.com\/wp-content\/uploads\/2024\/11\/menus_du_mois.jpg\",\"datePublished\":\"2024-11-18T13:43:26+00:00\",\"dateModified\":\"2025-02-05T15:07:12+00:00\",\"description\":\"Parce qu\u2019il n\u2019est pas toujours facile de jongler entre les courses, la vie quotidienne, le manque d\u2019id\u00e9es de repas et le temps qui file, j\u2019ai d\u00e9cid\u00e9 de partager avec vous notre calendrier de menus.\",\"breadcrumb\":{\"@id\":\"https:\/\/placeplume.com\/index.php\/menus-du-mois\/#breadcrumb\"},\"inLanguage\":\"fr-FR\",\"potentialAction\":[{\"@type\":\"ReadAction\",\"target\":[\"https:\/\/placeplume.com\/index.php\/menus-du-mois\/\"]}]},{\"@type\":\"ImageObject\",\"inLanguage\":\"fr-FR\",\"@id\":\"https:\/\/placeplume.com\/index.php\/menus-du-mois\/#primaryimage\",\"url\":\"https:\/\/placeplume.com\/wp-content\/uploads\/2024\/11\/menus_du_mois.jpg\",\"contentUrl\":\"https:\/\/placeplume.com\/wp-content\/uploads\/2024\/11\/menus_du_mois.jpg\",\"width\":2240,\"height\":1260,\"caption\":\"Id\u00e9es de menus - planning - calendrier - plat - menus du mois\"},{\"@type\":\"BreadcrumbList\",\"@id\":\"https:\/\/placeplume.com\/index.php\/menus-du-mois\/#breadcrumb\",\"itemListElement\":[{\"@type\":\"ListItem\",\"position\":1,\"name\":\"Home\",\"item\":\"https:\/\/placeplume.com\/\"},{\"@type\":\"ListItem\",\"position\":2,\"name\":\"Menus du mois\"}]},{\"@type\":\"WebSite\",\"@id\":\"https:\/\/placeplume.com\/#website\",\"url\":\"https:\/\/placeplume.com\/\",\"name\":\"Place plume\",\"description\":\"\",\"publisher\":{\"@id\":\"https:\/\/placeplume.com\/#organization\"},\"potentialAction\":[{\"@type\":\"SearchAction\",\"target\":{\"@type\":\"EntryPoint\",\"urlTemplate\":\"https:\/\/placeplume.com\/?s={search_term_string}\"},\"query-input\":{\"@type\":\"PropertyValueSpecification\",\"valueRequired\":true,\"valueName\":\"search_term_string\"}}],\"inLanguage\":\"fr-FR\"},{\"@type\":\"Organization\",\"@id\":\"https:\/\/placeplume.com\/#organization\",\"name\":\"Place plume\",\"url\":\"https:\/\/placeplume.com\/\",\"logo\":{\"@type\":\"ImageObject\",\"inLanguage\":\"fr-FR\",\"@id\":\"https:\/\/placeplume.com\/#\/schema\/logo\/image\/\",\"url\":\"\",\"contentUrl\":\"\",\"caption\":\"Place plume\"},\"image\":{\"@id\":\"https:\/\/placeplume.com\/#\/schema\/logo\/image\/\"},\"sameAs\":[\"https:\/\/www.facebook.com\/placeplume21\",\"https:\/\/x.com\/place_plume\",\"https:\/\/www.instagram.com\/place_plume\/\",\"https:\/\/www.pinterest.fr\/place_plume\/_created\/\"]}]}<\/script>\n<!-- \/ Yoast SEO plugin. -->","yoast_head_json":{"title":"Menus du mois - Place plume","description":"Parce qu\u2019il n\u2019est pas toujours facile de jongler entre les courses, la vie quotidienne, le manque d\u2019id\u00e9es de repas et le temps qui file, j\u2019ai d\u00e9cid\u00e9 de partager avec vous notre calendrier de menus.","robots":{"index":"index","follow":"follow","max-snippet":"max-snippet:-1","max-image-preview":"max-image-preview:large","max-video-preview":"max-video-preview:-1"},"canonical":"https:\/\/placeplume.com\/index.php\/menus-du-mois\/","og_locale":"fr_FR","og_type":"article","og_title":"Menus du mois - Place plume","og_description":"Parce qu\u2019il n\u2019est pas toujours facile de jongler entre les courses, la vie quotidienne, le manque d\u2019id\u00e9es de repas et le temps qui file, j\u2019ai d\u00e9cid\u00e9 de partager avec vous notre calendrier de menus.","og_url":"https:\/\/placeplume.com\/index.php\/menus-du-mois\/","og_site_name":"Place plume","article_publisher":"https:\/\/www.facebook.com\/placeplume21","article_modified_time":"2025-02-05T15:07:12+00:00","og_image":[{"width":2240,"height":1260,"url":"https:\/\/placeplume.com\/wp-content\/uploads\/2024\/11\/menus_du_mois.jpg","type":"image\/jpeg"}],"twitter_card":"summary_large_image","twitter_site":"@place_plume","twitter_misc":{"Dur\u00e9e de lecture estim\u00e9e":"4 minutes"},"schema":{"@context":"https:\/\/schema.org","@graph":[{"@type":"WebPage","@id":"https:\/\/placeplume.com\/index.php\/menus-du-mois\/","url":"https:\/\/placeplume.com\/index.php\/menus-du-mois\/","name":"Menus du mois - Place plume","isPartOf":{"@id":"https:\/\/placeplume.com\/#website"},"primaryImageOfPage":{"@id":"https:\/\/placeplume.com\/index.php\/menus-du-mois\/#primaryimage"},"image":{"@id":"https:\/\/placeplume.com\/index.php\/menus-du-mois\/#primaryimage"},"thumbnailUrl":"https:\/\/placeplume.com\/wp-content\/uploads\/2024\/11\/menus_du_mois.jpg","datePublished":"2024-11-18T13:43:26+00:00","dateModified":"2025-02-05T15:07:12+00:00","description":"Parce qu\u2019il n\u2019est pas toujours facile de jongler entre les courses, la vie quotidienne, le manque d\u2019id\u00e9es de repas et le temps qui file, j\u2019ai d\u00e9cid\u00e9 de partager avec vous notre calendrier de menus.","breadcrumb":{"@id":"https:\/\/placeplume.com\/index.php\/menus-du-mois\/#breadcrumb"},"inLanguage":"fr-FR","potentialAction":[{"@type":"ReadAction","target":["https:\/\/placeplume.com\/index.php\/menus-du-mois\/"]}]},{"@type":"ImageObject","inLanguage":"fr-FR","@id":"https:\/\/placeplume.com\/index.php\/menus-du-mois\/#primaryimage","url":"https:\/\/placeplume.com\/wp-content\/uploads\/2024\/11\/menus_du_mois.jpg","contentUrl":"https:\/\/placeplume.com\/wp-content\/uploads\/2024\/11\/menus_du_mois.jpg","width":2240,"height":1260,"caption":"Id\u00e9es de menus - planning - calendrier - plat - menus du mois"},{"@type":"BreadcrumbList","@id":"https:\/\/placeplume.com\/index.php\/menus-du-mois\/#breadcrumb","itemListElement":[{"@type":"ListItem","position":1,"name":"Home","item":"https:\/\/placeplume.com\/"},{"@type":"ListItem","position":2,"name":"Menus du mois"}]},{"@type":"WebSite","@id":"https:\/\/placeplume.com\/#website","url":"https:\/\/placeplume.com\/","name":"Place plume","description":"","publisher":{"@id":"https:\/\/placeplume.com\/#organization"},"potentialAction":[{"@type":"SearchAction","target":{"@type":"EntryPoint","urlTemplate":"https:\/\/placeplume.com\/?s={search_term_string}"},"query-input":{"@type":"PropertyValueSpecification","valueRequired":true,"valueName":"search_term_string"}}],"inLanguage":"fr-FR"},{"@type":"Organization","@id":"https:\/\/placeplume.com\/#organization","name":"Place plume","url":"https:\/\/placeplume.com\/","logo":{"@type":"ImageObject","inLanguage":"fr-FR","@id":"https:\/\/placeplume.com\/#\/schema\/logo\/image\/","url":"","contentUrl":"","caption":"Place plume"},"image":{"@id":"https:\/\/placeplume.com\/#\/schema\/logo\/image\/"},"sameAs":["https:\/\/www.facebook.com\/placeplume21","https:\/\/x.com\/place_plume","https:\/\/www.instagram.com\/place_plume\/","https:\/\/www.pinterest.fr\/place_plume\/_created\/"]}]}},"_links":{"self":[{"href":"https:\/\/placeplume.com\/index.php\/wp-json\/wp\/v2\/pages\/18760","targetHints":{"allow":["GET"]}}],"collection":[{"href":"https:\/\/placeplume.com\/index.php\/wp-json\/wp\/v2\/pages"}],"about":[{"href":"https:\/\/placeplume.com\/index.php\/wp-json\/wp\/v2\/types\/page"}],"author":[{"embeddable":true,"href":"https:\/\/placeplume.com\/index.php\/wp-json\/wp\/v2\/users\/2"}],"replies":[{"embeddable":true,"href":"https:\/\/placeplume.com\/index.php\/wp-json\/wp\/v2\/comments?post=18760"}],"version-history":[{"count":52,"href":"https:\/\/placeplume.com\/index.php\/wp-json\/wp\/v2\/pages\/18760\/revisions"}],"predecessor-version":[{"id":19726,"href":"https:\/\/placeplume.com\/index.php\/wp-json\/wp\/v2\/pages\/18760\/revisions\/19726"}],"wp:featuredmedia":[{"embeddable":true,"href":"https:\/\/placeplume.com\/index.php\/wp-json\/wp\/v2\/media\/18762"}],"wp:attachment":[{"href":"https:\/\/placeplume.com\/index.php\/wp-json\/wp\/v2\/media?parent=18760"}],"curies":[{"name":"wp","href":"https:\/\/api.w.org\/{rel}","templated":true}]}}