{"id":2343,"date":"2021-03-22T14:33:03","date_gmt":"2021-03-22T13:33:03","guid":{"rendered":"https:\/\/placeplume.com\/?page_id=2343"},"modified":"2024-10-09T14:58:02","modified_gmt":"2024-10-09T12:58:02","slug":"la-plumette-newsletter","status":"publish","type":"page","link":"https:\/\/placeplume.com\/index.php\/la-plumette-newsletter\/","title":{"rendered":"Newsletter"},"content":{"rendered":"\n<p class=\"has-text-align-center\">La plumette est la newsletter de Place plume. C&#8217;est un lien direct, <strong>privil\u00e9gi\u00e9<\/strong>, <strong>que je prends tr\u00e8s au s\u00e9rieux<\/strong>. Parce que je suis convaincue qu&#8217;une bo\u00eete mail est <strong>un endroit \u00e0 pr\u00e9server des intrusions<\/strong>, cette newsletter se veut <strong>l\u00e9g\u00e8re, douce et utile<\/strong>. <em>C\u2019est pour cela que <strong>je travaille chacune de mes newsletters<\/strong> pour qu\u2019<strong>elle t&#8217;apporte r\u00e9ellement quelque chose<\/strong>&#8230; Je veux qu\u2019elle soit utile ! <\/em><\/p>\n\n\n\n<!-- Begin Sendinblue Form -->\n<!-- START - We recommend to place the below code in head tag of your website html  -->\n<style>\n  @font-face {\n    font-display: block;\n    font-family: Roboto;\n    src: url(https:\/\/assets.sendinblue.com\/font\/Roboto\/Latin\/normal\/normal\/7529907e9eaf8ebb5220c5f9850e3811.woff2) format(\"woff2\"), url(https:\/\/assets.sendinblue.com\/font\/Roboto\/Latin\/normal\/normal\/25c678feafdc175a70922a116c9be3e7.woff) format(\"woff\")\n  }\n\n  @font-face {\n    font-display: fallback;\n    font-family: Roboto;\n    font-weight: 600;\n    src: url(https:\/\/assets.sendinblue.com\/font\/Roboto\/Latin\/medium\/normal\/6e9caeeafb1f3491be3e32744bc30440.woff2) format(\"woff2\"), url(https:\/\/assets.sendinblue.com\/font\/Roboto\/Latin\/medium\/normal\/71501f0d8d5aa95960f6475d5487d4c2.woff) format(\"woff\")\n  }\n\n  @font-face {\n    font-display: fallback;\n    font-family: Roboto;\n    font-weight: 700;\n    src: url(https:\/\/assets.sendinblue.com\/font\/Roboto\/Latin\/bold\/normal\/3ef7cf158f310cf752d5ad08cd0e7e60.woff2) format(\"woff2\"), url(https:\/\/assets.sendinblue.com\/font\/Roboto\/Latin\/bold\/normal\/ece3a1d82f18b60bcce0211725c476aa.woff) format(\"woff\")\n  }\n\n  #sib-container input:-ms-input-placeholder {\n    text-align: left;\n    font-family: \"Helvetica\", sans-serif;\n    color: #c0ccda;\n  }\n\n  #sib-container input::placeholder {\n    text-align: left;\n    font-family: \"Helvetica\", sans-serif;\n    color: #c0ccda;\n  }\n<\/style>\n<link rel=\"stylesheet\" href=\"https:\/\/sibforms.com\/forms\/end-form\/build\/sib-styles.css\">\n<!--  END - We recommend to place the above code in head tag of your website html -->\n\n<!-- START - We recommend to place the below code where you want the form in your website html  -->\n<div class=\"sib-form\" style=\"text-align: center;\n         background-color: transparent;                                           \">\n  <div id=\"sib-form-container\" class=\"sib-form-container\">\n    <div id=\"sib-container\" class=\"sib-container--large sib-container--vertical\" style=\"text-align:center; background-color:rgba(255,255,255,1); max-width:540px; border-radius:3px; border-width:3px; border-color:#f1a18e; border-style:solid;\">\n      <form id=\"sib-form\" method=\"POST\" action=\"https:\/\/d825f9e6.sibforms.com\/serve\/MUIEALdn2BUtdjrWN74k0tiYYEmFh7Xyzb5Aj5ce-Wmq-qlT1dgbmQkzSbEk_prboEfN2lC80ENCdCWlV4nlSusU6u8pDSWNciNz2oz1Ynp94F6T9KZGKv0EXl_gxJeb6Ep7KPn2TUUZb0LRGJWbhcY-0mOJ9n5pf0rO0XWkJ3CRKRI5EGA6tZscaYC6MBoidm5I7zlx2tTw9_Lr\">\n        <div style=\"padding: 8px 0;\">\n          <div class=\"sib-form-block\" style=\"font-size:32px; text-align:left; font-weight:700; font-family:&quot;Helvetica&quot;, sans-serif; color:#3C4858; background-color:transparent;\">\n            <p>Pr\u00eat(e) \u00e0 me faire confiance ?&nbsp;<\/p>\n          <\/div>\n        <\/div>\n        <div style=\"padding: 8px 0;\">\n          <div class=\"sib-form-block\" style=\"font-size:16px; text-align:left; font-family:&quot;Helvetica&quot;, sans-serif; color:#3C4858; background-color:transparent;\">\n            <div class=\"sib-text-form-block\">\n              <p>Inscris-toi \u00e0 notre newsletter pour suivre les nouveaut\u00e9s.<\/p>\n            <\/div>\n          <\/div>\n        <\/div>\n        <div style=\"padding: 8px 0;\">\n          <div class=\"sib-input sib-form-block\">\n            <div class=\"form__entry entry_block\">\n              <div class=\"form__label-row \">\n                <label class=\"entry__label\" style=\"font-size:16px; text-align:left; font-weight:700; font-family:&quot;Helvetica&quot;, sans-serif; color:#3c4858;\" for=\"PRENOM\">\n                  Entrez votre PRENOM\n                <\/label>\n\n                <div class=\"entry__field\">\n                  <input class=\"input\" maxlength=\"200\" type=\"text\" id=\"PRENOM\" name=\"PRENOM\" autocomplete=\"off\" placeholder=\"PRENOM\" \/>\n                <\/div>\n              <\/div>\n\n              <label class=\"entry__error entry__error--primary\" style=\"font-size:16px; text-align:left; font-family:&quot;Helvetica&quot;, sans-serif; color:#661d1d; background-color:#ffeded; border-radius:3px; border-color:#ff4949;\">\n              <\/label>\n            <\/div>\n          <\/div>\n        <\/div>\n        <div style=\"padding: 8px 0;\">\n          <div class=\"sib-input sib-form-block\">\n            <div class=\"form__entry entry_block\">\n              <div class=\"form__label-row \">\n                <label class=\"entry__label\" style=\"font-size:16px; text-align:left; font-weight:700; font-family:&quot;Helvetica&quot;, sans-serif; color:#3c4858;\" for=\"EMAIL\" data-required=\"*\">\n                  Veuillez renseigner votre adresse email pour vous inscrire\n                <\/label>\n\n                <div class=\"entry__field\">\n                  <input class=\"input\" type=\"text\" id=\"EMAIL\" name=\"EMAIL\" autocomplete=\"off\" placeholder=\"EMAIL\" data-required=\"true\" required \/>\n                <\/div>\n              <\/div>\n\n              <label class=\"entry__error entry__error--primary\" style=\"font-size:16px; text-align:left; font-family:&quot;Helvetica&quot;, sans-serif; color:#661d1d; background-color:#ffeded; border-radius:3px; border-color:#ff4949;\">\n              <\/label>\n              <label class=\"entry__specification\" style=\"font-size:12px; text-align:left; font-family:&quot;Helvetica&quot;, sans-serif; color:#8390A4;\">\n                Veuillez renseigner votre adresse email pour vous inscrire. Ex. : abc@xyz.com\n              <\/label>\n            <\/div>\n          <\/div>\n        <\/div>\n        <div style=\"padding: 8px 0;\">\n          <div class=\"sib-optin sib-form-block\" data-required=\"true\">\n            <div class=\"form__entry entry_mcq\">\n              <div class=\"form__label-row \">\n                <div class=\"entry__choice\">\n                  <label>\n                    <input type=\"checkbox\" class=\"input_replaced\" value=\"1\" id=\"OPT_IN\" name=\"OPT_IN\" required \/>\n                    <span class=\"checkbox checkbox_tick_positive\"><\/span><span style=\"font-size:14px; text-align:left; font-family:&quot;Helvetica&quot;, sans-serif; color:#3C4858; background-color:transparent;\"><p>J&#8217;accepte de recevoir vos e-mails et confirme avoir pris connaissance de votre politique de confidentialit\u00e9 et mentions l\u00e9gales.<\/p><span data-required=\"*\" style=\"display: inline;\" class=\"entry__label entry__label_optin\"><\/span><\/span>\n                  <\/label>\n                <\/div>\n              <\/div>\n              <label class=\"entry__error entry__error--primary\" style=\"font-size:16px; text-align:left; font-family:&quot;Helvetica&quot;, sans-serif; color:#661d1d; background-color:#ffeded; border-radius:3px; border-color:#ff4949;\">\n              <\/label>\n              <label class=\"entry__specification\" style=\"font-size:12px; text-align:left; font-family:&quot;Helvetica&quot;, sans-serif; color:#8390A4;\">\n                Vous pouvez vous d\u00e9sinscrire \u00e0 tout moment en cliquant sur le lien pr\u00e9sent dans nos emails.\n              <\/label>\n            <\/div>\n          <\/div>\n        <\/div>\n        <div style=\"padding: 8px 0;\">\n          <div class=\"sib-form-block sib-divider-form-block\">\n            <div style=\"border: 0; border-bottom: 1px solid #E5EDF6\"><\/div>\n          <\/div>\n        <\/div>\n        <div style=\"padding: 8px 0;\">\n          <div class=\"sib-form-block\" style=\"font-size:14px; text-align:left; font-style:italic; font-family:&quot;Helvetica&quot;, sans-serif; color:#3C4858; background-color:transparent;\">\n            <div class=\"sib-text-form-block\">\n              <p><em>Ton adresse e-mail est uniquement utilis\u00e9e pour t\u2019envoyer des informations sur les activit\u00e9s de Place plum<\/em>e. <em>Elle ne sera pas revendue \u00e0 des tiers ou utilis\u00e9es \u00e0 des fins statistiques Vous pouvez consulter la politique de confidentialit\u00e9 de Place plume sur la page des mentions l\u00e9gales.<\/em>&nbsp;<\/p>\n            <\/div>\n          <\/div>\n        <\/div>\n        <div style=\"padding: 8px 0;\">\n          <div class=\"sib-form-block sib-divider-form-block\">\n            <div style=\"border: 0; border-bottom: 1px solid #E5EDF6\"><\/div>\n          <\/div>\n        <\/div>\n        <div style=\"padding: 8px 0;\">\n          <div class=\"sib-form-block\" style=\"text-align: left\">\n            <button class=\"sib-form-block__button sib-form-block__button-with-loader\" style=\"font-size:16px; text-align:left; font-weight:700; font-family:&quot;Helvetica&quot;, sans-serif; color:#FFFFFF; background-color:#3E4857; border-radius:3px; border-width:0px;\"\n              form=\"sib-form\" type=\"submit\">\n              <svg class=\"icon clickable__icon progress-indicator__icon sib-hide-loader-icon\" viewBox=\"0 0 512 512\">\n                <path d=\"M460.116 373.846l-20.823-12.022c-5.541-3.199-7.54-10.159-4.663-15.874 30.137-59.886 28.343-131.652-5.386-189.946-33.641-58.394-94.896-95.833-161.827-99.676C261.028 55.961 256 50.751 256 44.352V20.309c0-6.904 5.808-12.337 12.703-11.982 83.556 4.306 160.163 50.864 202.11 123.677 42.063 72.696 44.079 162.316 6.031 236.832-3.14 6.148-10.75 8.461-16.728 5.01z\"\n                \/>\n              <\/svg>\n              S&#039;INSCRIRE\n            <\/button>\n          <\/div>\n        <\/div>\n        <input type=\"text\" name=\"email_address_check\" value=\"\" class=\"input--hidden\">\n        <input type=\"hidden\" name=\"locale\" value=\"fr\">\n        <input type=\"hidden\" name=\"html_type\" value=\"simple\">\n      <\/form>\n    <\/div>\n  <\/div>\n<\/div>\n<!-- END - We recommend to place the below code where you want the form in your website html  -->\n<!-- End Sendinblue Form -->\n\n\n\n<p class=\"has-text-align-center\"><br><br><\/p>\n","protected":false},"excerpt":{"rendered":"<p>La plumette est la newsletter de Place plume. C&#8217;est un lien direct, privil\u00e9gi\u00e9, que je prends tr\u00e8s au s\u00e9rieux. Parce que je suis convaincue qu&#8217;une bo\u00eete mail est un endroit \u00e0 pr\u00e9server des intrusions, cette newsletter se veut l\u00e9g\u00e8re, douce et utile. C\u2019est pour cela que je travaille chacune de mes newsletters pour qu\u2019elle t&#8217;apporte [&hellip;]<\/p>\n","protected":false},"author":2,"featured_media":0,"parent":0,"menu_order":0,"comment_status":"closed","ping_status":"closed","template":"","meta":{"footnotes":""},"class_list":["post-2343","page","type-page","status-publish","hentry"],"yoast_head":"<!-- This site is optimized with the Yoast SEO plugin v26.9 - https:\/\/yoast.com\/product\/yoast-seo-wordpress\/ -->\n<title>Newsletter - Place plume<\/title>\n<meta name=\"description\" content=\"Pour recevoir toutes les nouveaut\u00e9s de Place plume, inscris-toi \u00e0 la newsletter ! Je publie un article par semaine chaque lundi !\" \/>\n<meta name=\"robots\" content=\"index, follow, max-snippet:-1, max-image-preview:large, max-video-preview:-1\" \/>\n<link rel=\"canonical\" href=\"https:\/\/placeplume.com\/index.php\/la-plumette-newsletter\/\" \/>\n<meta property=\"og:locale\" content=\"fr_FR\" \/>\n<meta property=\"og:type\" content=\"article\" \/>\n<meta property=\"og:title\" content=\"Newsletter - Place plume\" \/>\n<meta property=\"og:description\" content=\"Pour recevoir toutes les nouveaut\u00e9s de Place plume, inscris-toi \u00e0 la newsletter ! Je publie un article par semaine chaque lundi !\" \/>\n<meta property=\"og:url\" content=\"https:\/\/placeplume.com\/index.php\/la-plumette-newsletter\/\" \/>\n<meta property=\"og:site_name\" content=\"Place plume\" \/>\n<meta property=\"article:publisher\" content=\"https:\/\/www.facebook.com\/placeplume21\" \/>\n<meta property=\"article:modified_time\" content=\"2024-10-09T12:58:02+00:00\" \/>\n<meta name=\"twitter:card\" content=\"summary_large_image\" \/>\n<meta name=\"twitter:site\" content=\"@place_plume\" \/>\n<meta name=\"twitter:label1\" content=\"Dur\u00e9e de lecture estim\u00e9e\" \/>\n\t<meta name=\"twitter:data1\" content=\"1 minute\" \/>\n<script type=\"application\/ld+json\" class=\"yoast-schema-graph\">{\"@context\":\"https:\/\/schema.org\",\"@graph\":[{\"@type\":\"WebPage\",\"@id\":\"https:\/\/placeplume.com\/index.php\/la-plumette-newsletter\/\",\"url\":\"https:\/\/placeplume.com\/index.php\/la-plumette-newsletter\/\",\"name\":\"Newsletter - Place plume\",\"isPartOf\":{\"@id\":\"https:\/\/placeplume.com\/#website\"},\"datePublished\":\"2021-03-22T13:33:03+00:00\",\"dateModified\":\"2024-10-09T12:58:02+00:00\",\"description\":\"Pour recevoir toutes les nouveaut\u00e9s de Place plume, inscris-toi \u00e0 la newsletter ! Je publie un article par semaine chaque lundi !\",\"breadcrumb\":{\"@id\":\"https:\/\/placeplume.com\/index.php\/la-plumette-newsletter\/#breadcrumb\"},\"inLanguage\":\"fr-FR\",\"potentialAction\":[{\"@type\":\"ReadAction\",\"target\":[\"https:\/\/placeplume.com\/index.php\/la-plumette-newsletter\/\"]}]},{\"@type\":\"BreadcrumbList\",\"@id\":\"https:\/\/placeplume.com\/index.php\/la-plumette-newsletter\/#breadcrumb\",\"itemListElement\":[{\"@type\":\"ListItem\",\"position\":1,\"name\":\"Home\",\"item\":\"https:\/\/placeplume.com\/\"},{\"@type\":\"ListItem\",\"position\":2,\"name\":\"Newsletter\"}]},{\"@type\":\"WebSite\",\"@id\":\"https:\/\/placeplume.com\/#website\",\"url\":\"https:\/\/placeplume.com\/\",\"name\":\"Place plume\",\"description\":\"\",\"publisher\":{\"@id\":\"https:\/\/placeplume.com\/#organization\"},\"potentialAction\":[{\"@type\":\"SearchAction\",\"target\":{\"@type\":\"EntryPoint\",\"urlTemplate\":\"https:\/\/placeplume.com\/?s={search_term_string}\"},\"query-input\":{\"@type\":\"PropertyValueSpecification\",\"valueRequired\":true,\"valueName\":\"search_term_string\"}}],\"inLanguage\":\"fr-FR\"},{\"@type\":\"Organization\",\"@id\":\"https:\/\/placeplume.com\/#organization\",\"name\":\"Place plume\",\"url\":\"https:\/\/placeplume.com\/\",\"logo\":{\"@type\":\"ImageObject\",\"inLanguage\":\"fr-FR\",\"@id\":\"https:\/\/placeplume.com\/#\/schema\/logo\/image\/\",\"url\":\"\",\"contentUrl\":\"\",\"caption\":\"Place plume\"},\"image\":{\"@id\":\"https:\/\/placeplume.com\/#\/schema\/logo\/image\/\"},\"sameAs\":[\"https:\/\/www.facebook.com\/placeplume21\",\"https:\/\/x.com\/place_plume\",\"https:\/\/www.instagram.com\/place_plume\/\",\"https:\/\/www.pinterest.fr\/place_plume\/_created\/\"]}]}<\/script>\n<!-- \/ Yoast SEO plugin. -->","yoast_head_json":{"title":"Newsletter - Place plume","description":"Pour recevoir toutes les nouveaut\u00e9s de Place plume, inscris-toi \u00e0 la newsletter ! Je publie un article par semaine chaque lundi !","robots":{"index":"index","follow":"follow","max-snippet":"max-snippet:-1","max-image-preview":"max-image-preview:large","max-video-preview":"max-video-preview:-1"},"canonical":"https:\/\/placeplume.com\/index.php\/la-plumette-newsletter\/","og_locale":"fr_FR","og_type":"article","og_title":"Newsletter - Place plume","og_description":"Pour recevoir toutes les nouveaut\u00e9s de Place plume, inscris-toi \u00e0 la newsletter ! Je publie un article par semaine chaque lundi !","og_url":"https:\/\/placeplume.com\/index.php\/la-plumette-newsletter\/","og_site_name":"Place plume","article_publisher":"https:\/\/www.facebook.com\/placeplume21","article_modified_time":"2024-10-09T12:58:02+00:00","twitter_card":"summary_large_image","twitter_site":"@place_plume","twitter_misc":{"Dur\u00e9e de lecture estim\u00e9e":"1 minute"},"schema":{"@context":"https:\/\/schema.org","@graph":[{"@type":"WebPage","@id":"https:\/\/placeplume.com\/index.php\/la-plumette-newsletter\/","url":"https:\/\/placeplume.com\/index.php\/la-plumette-newsletter\/","name":"Newsletter - Place plume","isPartOf":{"@id":"https:\/\/placeplume.com\/#website"},"datePublished":"2021-03-22T13:33:03+00:00","dateModified":"2024-10-09T12:58:02+00:00","description":"Pour recevoir toutes les nouveaut\u00e9s de Place plume, inscris-toi \u00e0 la newsletter ! Je publie un article par semaine chaque lundi !","breadcrumb":{"@id":"https:\/\/placeplume.com\/index.php\/la-plumette-newsletter\/#breadcrumb"},"inLanguage":"fr-FR","potentialAction":[{"@type":"ReadAction","target":["https:\/\/placeplume.com\/index.php\/la-plumette-newsletter\/"]}]},{"@type":"BreadcrumbList","@id":"https:\/\/placeplume.com\/index.php\/la-plumette-newsletter\/#breadcrumb","itemListElement":[{"@type":"ListItem","position":1,"name":"Home","item":"https:\/\/placeplume.com\/"},{"@type":"ListItem","position":2,"name":"Newsletter"}]},{"@type":"WebSite","@id":"https:\/\/placeplume.com\/#website","url":"https:\/\/placeplume.com\/","name":"Place plume","description":"","publisher":{"@id":"https:\/\/placeplume.com\/#organization"},"potentialAction":[{"@type":"SearchAction","target":{"@type":"EntryPoint","urlTemplate":"https:\/\/placeplume.com\/?s={search_term_string}"},"query-input":{"@type":"PropertyValueSpecification","valueRequired":true,"valueName":"search_term_string"}}],"inLanguage":"fr-FR"},{"@type":"Organization","@id":"https:\/\/placeplume.com\/#organization","name":"Place plume","url":"https:\/\/placeplume.com\/","logo":{"@type":"ImageObject","inLanguage":"fr-FR","@id":"https:\/\/placeplume.com\/#\/schema\/logo\/image\/","url":"","contentUrl":"","caption":"Place plume"},"image":{"@id":"https:\/\/placeplume.com\/#\/schema\/logo\/image\/"},"sameAs":["https:\/\/www.facebook.com\/placeplume21","https:\/\/x.com\/place_plume","https:\/\/www.instagram.com\/place_plume\/","https:\/\/www.pinterest.fr\/place_plume\/_created\/"]}]}},"_links":{"self":[{"href":"https:\/\/placeplume.com\/index.php\/wp-json\/wp\/v2\/pages\/2343","targetHints":{"allow":["GET"]}}],"collection":[{"href":"https:\/\/placeplume.com\/index.php\/wp-json\/wp\/v2\/pages"}],"about":[{"href":"https:\/\/placeplume.com\/index.php\/wp-json\/wp\/v2\/types\/page"}],"author":[{"embeddable":true,"href":"https:\/\/placeplume.com\/index.php\/wp-json\/wp\/v2\/users\/2"}],"replies":[{"embeddable":true,"href":"https:\/\/placeplume.com\/index.php\/wp-json\/wp\/v2\/comments?post=2343"}],"version-history":[{"count":5,"href":"https:\/\/placeplume.com\/index.php\/wp-json\/wp\/v2\/pages\/2343\/revisions"}],"predecessor-version":[{"id":18353,"href":"https:\/\/placeplume.com\/index.php\/wp-json\/wp\/v2\/pages\/2343\/revisions\/18353"}],"wp:attachment":[{"href":"https:\/\/placeplume.com\/index.php\/wp-json\/wp\/v2\/media?parent=2343"}],"curies":[{"name":"wp","href":"https:\/\/api.w.org\/{rel}","templated":true}]}}